
Let o(m) = 2*m**3 - 234*m**2 - 1014*m + 91804. Give o(118).
0
Let q(i) = -317*i - 184. Give q(-2).
450
Let v(r) = r**3 + 347*r**2 - 951*r - 566108. Determine v(-345).
37
Let y(m) = 11*m**2 - 184*m + 410. Give y(14).
-10
Let l(v) = -v**3 - 25*v**2 + 14*v + 1507. Determine l(7).
37
Let l(m) = 7*m**2 + 951*m - 21624. What is l(23)?
3952
Let t(v) = 1599*v**2 - 1667*v - 1666. What is t(-1)?
1600
Let l(h) = -13*h**2 - 5864*h - 17917. Calculate l(-448).
3
Let a(l) = l**3 - 11*l**2 + 2537*l - 12605. Determine a(5).
-70
Let t(w) = 2861059*w - 48638009. Calculate t(17).
-6
Let w(k) = 236971*k - 10189724. What is w(43)?
29
Let k(o) = o**2 + 3163*o + 50385. Determine k(-16).
33
Let u(b) = -2*b**3 + 832*b**2 + 10*b - 4169. Give u(416).
-9
Let q(i) = -3*i**3 + 27*i**2 + 247*i + 38. What is q(-5)?
-147
Let i(u) = 12*u**2 - 894*u - 2264. Determine i(77).
46
Let j(o) = -613*o + 1645. Give j(3).
-194
Let u(g) = -2*g**3 - 32667*g**2 + 425002*g + 73. Give u(13).
-18
Let j(r) = -351*r**2 + 84*r - 499. Give j(4).
-5779
Let w(c) = -6*c**2 + 16669*c + 100224. Give w(-6).
-6
Let x(b) = 11*b**2 + 136*b - 130. What is x(-12)?
-178
Let f(s) = s**3 + 75*s**2 - 150*s + 755. Give f(-77).
447
Let x(c) = c**2 + 2144*c - 66459. Calculate x(31).
966
Let y(q) = 4887*q + 53987. Give y(-11).
230
Let j(d) = 7*d**3 - 38*d**2 + 108*d - 1294. Calculate j(7).
1
Let u(j) = -13*j**2 - 4150*j + 191996. Determine u(41).
-7
Let l(y) = 502*y - 7403. Determine l(15).
127
Let c(v) = v**3 - 11*v**2 + 37510*v - 450231. Determine c(12).
33
Let s(m) = m**3 - 84*m**2 + 1226*m + 692. Calculate s(65).
107
Let d(t) = 5*t**2 + 49*t - 111. Determine d(-14).
183
Let z(m) = m**2 - 145*m - 53085. What is z(-169)?
-19
Let d(r) = 7821*r + 47309. Calculate d(-6).
383
Let g(v) = -3*v**3 + 10*v**2 + 6252*v - 31378. Give g(5).
-243
Let k(o) = -329*o + 33962. Calculate k(103).
75
Let d(n) = n**3 + 59*n**2 - 1102*n + 586. Give d(-74).
-6
Let k(q) = -q**3 + 405*q**2 - 33152*q - 84262. Determine k(118).
-10
Let u(o) = -23978*o + 143778. Determine u(6).
-90
Let f(d) = 91*d**3 - 625*d**2 - 10*d - 16. Determine f(7).
502
Let x(f) = -5*f**2 + 608*f - 1486. Determine x(119).
61
Let y(d) = 318*d + 148493. Give y(-467).
-13
Let r(m) = -6*m**3 + 46*m**2 + 104*m + 452. Calculate r(10).
92
Let v(g) = -47510*g + 285082. Determine v(6).
22
Let m(p) = -p**2 + 146*p - 4243. What is m(105)?
62
Let o(s) = 3*s**3 + 129*s**2 + 276*s + 5618. Determine o(-42).
-682
Let y(l) = 45*l**3 - 6*l**2 - 8*l - 11. Calculate y(-3).
-1256
Let w(n) = 17*n**2 - 29*n - 293. Calculate w(-5).
277
Let a(b) = -344*b - 70524. Give a(-205).
-4
Let c(g) = g**3 - 1144*g**2 + 2204*g + 91362. Determine c(1142).
2
Let r(v) = 5*v**3 + 12*v**2 - 64*v + 23. Determine r(5).
628
Let l(c) = -c**3 + 97*c**2 - 1332*c + 118649. Determine l(96).
-7
Let p(x) = 266*x - 11646. Calculate p(42).
-474
Let l(o) = -o**3 - 13*o**2 - 66*o + 20. Give l(-8).
228
Let a(t) = 4*t**2 + 443*t - 3125. What is a(-116)?
-689
Let w(y) = 22*y**2 - 2039*y + 1171. Determine w(92).
-209
Let z(r) = r**3 - 142*r**2 - 3994*r + 1653. Give z(166).
-7
Let v(y) = -62337*y + 311682. Calculate v(5).
-3
Let c(r) = -r**3 + 735*r**2 + 26175*r - 22284. What is c(769)?
17
Let j(z) = 2*z**2 - 132*z + 287. Give j(10).
-833
Let x(u) = 34*u**2 - 4174*u + 27598. Give x(7).
46
Let v(s) = s**3 + 12*s**2 - 1389*s - 612. Calculate v(32).
-4
Let l(a) = -6*a**3 - 28*a**2 + 164*a + 911. Determine l(-6).
215
Let n(v) = v**3 - 38*v**2 - 4292*v + 165873. Give n(39).
6
Let r(s) = -5*s**2 + 29108*s + 145646. Give r(-5).
-19
Let d(q) = -2740*q + 537052. Calculate d(196).
12
Let x(k) = -k**2 - 2845*k + 1565654. Give x(472).
30
Let u(l) = 2982*l + 27112. What is u(-9)?
274
Let m(t) = t**2 + 301*t + 24038. Calculate m(-205).
4358
Let l(z) = -6*z**3 - 346*z**2 + 117*z + 87. Determine l(-58).
29
Let t(s) = -104*s + 2997. Give t(30).
-123
Let h(z) = -18331*z + 18182. What is h(1)?
-149
Let l(f) = 353*f**2 - 34238*f - 258. Determine l(97).
33
Let r(j) = j**2 - 31*j - 3389. Calculate r(78).
277
Let q(n) = -4988*n - 2543917. Calculate q(-510).
-37
Let q(h) = -33*h**3 + 432*h**2 - 30*h - 59. Give q(13).
58
Let y(s) = -4*s**3 - 152*s**2 + 1441*s + 7. Calculate y(9).
-2252
Let l(v) = v**3 - 77*v**2 + 394*v + 2095. Give l(72).
4543
Let z(k) = -2*k**3 - 17*k**2 - 1077*k - 7399. Calculate z(-7).
-7
Let j(v) = -2*v**2 - 154*v + 5078. Give j(-104).
-538
Let o(p) = p**3 - 38*p**2 - 2142*p - 15689. What is o(-24)?
7
Let x(r) = 621*r**2 - 933989*r + 7525. Determine x(1504).
5
Let q(v) = -214*v**2 - 4463*v + 375. Calculate q(-21).
-276
Let j(p) = -p**3 + 29*p**2 - 42*p - 1291. Give j(24).
581
Let m(w) = -4323*w**2 - 1629770*w + 389. Calculate m(-377).
12
Let c(k) = -k**2 - 33268*k + 1499202. Determine c(45).
117
Let h(k) = -2*k**2 + 239*k - 1427. Calculate h(6).
-65
Let o(z) = z**3 - 391*z**2 + 235*z - 245778. Determine o(392).
6
Let b(w) = w**3 - 6*w**2 + 42*w + 86. Determine b(-2).
-30
Let t(w) = 21817*w - 545421. What is t(25)?
4
Let l(k) = 30*k**3 - 245*k**2 + 35*k + 14. Calculate l(8).
-26
Let s(m) = 59*m**2 - 1178*m + 32. Determine s(18).
-2056
Let d(q) = 4*q**2 - 325*q + 4774. Determine d(62).
0
Let s(h) = 84*h**3 - 2233*h**2 - 915*h - 791. Calculate s(27).
19
Let m(l) = 4*l**3 - 201*l**2 - 360*l - 150. Give m(52).
58
Let w(d) = -d**2 - 1143*d - 27955. Give w(-25).
-5
Let y(n) = -n**2 - 2787*n + 138965. Determine y(49).
1
Let w(j) = j**3 - 105*j**2 - 1158*j + 742. Calculate w(115).
-178
Let b(f) = -342*f - 12340. Calculate b(-36).
-28
Let u(f) = 4261*f + 29888. Calculate u(-7).
61
Let k(x) = 16229*x - 535580. Determine k(33).
-23
Let p(s) = 49115*s + 442065. Calculate p(-9).
30
Let n(x) = 12*x**3 + 176*x**2 - 31*x + 16. Calculate n(-14).
2018
Let r(m) = 4821*m + 2453891. What is r(-509)?
2
Let n(j) = j**3 + 92*j**2 + 341*j - 630. What is n(-88)?
338
Let u(r) = r**2 + 68*r - 1311. Give u(-84).
33
Let u(b) = 143*b**2 - 216*b - 650. Give u(-3).
1285
Let r(y) = -2*y**2 - 33*y + 328. Determine r(6).
58
Let v(u) = u**2 + 3264*u - 39078. Calculate v(12).
234
Let t(j) = -2*j**2 + 476*j + 38737. Calculate t(304).
-1391
Let r(v) = -v**3 + 55*v**2 - 449*v + 899. Determine r(46).
-711
Let n(t) = -3*t**2 + 431*t - 10243. Give n(30).
-13
Let k(h) = h**3 + 64*h**2 + 610*h - 733. Calculate k(-52).
-5
Let f(i) = 302*i - 67. Give f(0).
-67
Let i(l) = 124727*l - 2120383. Give i(17).
-24
Let j(w) = 6*w**2 - 5317*w - 256239. Calculate j(932).
61
Let k(y) = 48*y**3 + 170*y**2 - 83*y + 14. Determine k(-4).
-6
Let p(m) = -341045*m - 12959700. What is p(-38)?
10
Let f(w) = 317*w**3 + 9*w**2 - 45*w - 53. Give f(-1).
-316
Let y(i) = 552*i - 10489. Give y(19).
-1
Let u(z) = -17435*z + 157023. Determine u(9).
108
Let a(n) = n**2 - 5023*n + 189433. Determine a(38).
3
Let i(l) = 3*l**3 - 70*l**2 + 311*l + 186. What is i(17)?
-18
Let j(u) = -23500*u + 3619015. Give j(154).
15
Let q(y) = 201223*y + 402441. Calculate q(-2).
-5
Let l(w) = -10*w**3 - 36*w**2 + 20*w + 76. Determine l(-4).
60
Let v(z) = 10*z**2 + 312*z - 2681. What is v(7)?
-7
Let t(k) = 3444*k + 17250. What is t(-5)?
30
Let t(f) = -f**2 - 71*f + 9860. Calculate t(70).
-10
Let b(r) = 4*r - 953. What is b(216)?
-89
Let u(v) = 43*v**2 - 415*v + 705. Give u(2).
47
Let i(a) = -a**3 - 67*a**2 + 80*a + 919. Calculate i(-68).
103
Let m(a) = 2*a**2 + 3*a + 19. Calculate m(-2).
21
Let u(z) = z**3 + 124*z**2 - 255*z - 301. What is u(-126)?
77
Let u(o) = -201*o**2 + 252*o - 745. Calculate u(3).
-1798
Let r(w) = 4*w**3 - 71*w**2 + 416*w - 188. Calculate r(7).
617
Let j(b) = -b**2 + 815*b + 85396. Give j(-94).
-50
Let d(i) = 2*i**3 - 24*i**2 + 3508*i - 10365. Calculate d(3).
-3
Let u(a) = a**2 - 1419*a - 15720. Determine u(-11).
10
Let f(v) = 851*v**2 + 51030*v - 1722. Calculate f(-60).
78
Let x(d) = 1151*d + 283170. What is x(-246)?
24
Let y(i) = -191*i + 57668. What is y(300)?
368
Let h(v) = 2437*v - 7082. Calculate h(3).
229
Let s(c) = -c**3 - 9171*c**2 + 312976*c - 157. What is s(34)?
47
Let p(t) = -41*t**3 - 5452*t**2 + 147*t + 1852. What is p(-133)?
-10
Let p(z) = 11368*z + 1114068. Give p(-98).
4
Let p(y) = -32045*y - 1922699. Give p(-60).
1
Let x(p) = -6*p**2 + 533*p + 343663. Calculate x(-199).
-10
Let q(b) = -b**3 - 344*b**2 - 1198*b - 534. Give q(-3).
-9
Let n(c) = 9*c**2 + 11*c + 43. Calculate n(-12).
1207